 179. Let x be u(-16). Calculate the highest common factor of 81 and x.
27
Let t be (4 - 11) + (-19)/((-133)/1960). What is the greatest common factor of t and 5278?
91
Let b be ((-510)/(-12))/((-1)/(-2)). Suppose 0*d - 5*f = -3*d + 35, -4*d - f + b = 0. Let t = 2533 + -2513. Calculate the highest common factor of d and t.
20
Suppose -10032 = -9*w + 25*w. Let i = -573 - w. Calculate the highest common factor of 36 and i.
18
Suppose -4 = 53*u - 54*u. Suppose i = -3*n - 286, -2*n - 76 - 112 = -2*i. Let w = -83 - n. Calculate the highest common factor of w and u.
4
Let j be 722 - ((-1)/2)/(16/224). What is the highest common divisor of 189 and j?
27
Let u = 19271 - 19193. What is the highest common divisor of u and 16406?
26
Let t = -2890 - -4868. Calculate the greatest common divisor of 46 and t.
46
Let q = -119 - -124. Suppose -q*x = -i + 458, -4*x = 3*i + 2*i - 2377. What is the highest common divisor of i and 43?
43
Suppose 0 = -4*s + 5*x + 7499, 2*s = x + 1466 + 2291. Calculate the highest common divisor of s and 77.
11
Let m = 82 + -182. Let w = 114 + m. What is the highest common divisor of w and 322?
14
Suppose 145*o - 12473 = -3338. Calculate the greatest common divisor of o and 2493.
9
Let o be (-44)/(-28) + -1 - 152/(-28). Let c be -21*(-10)/(36 - o). What is the greatest common divisor of c and 903?
7
Suppose t = -3*x + 22, 10*t + 56 = 14*t + 4*x. Suppose 2*y + 4*c = -0*c + 566, t = -5*c. Calculate the highest common factor of 41 and y.
41
Let g be (1 + -3)*(-3)/(-4)*-26. Suppose 5*p = g + 1. Let t = 12 + p. What is the highest common divisor of t and 4?
4
Let k(y) = 7*y**2 - 158*y - 1788. Let r be k(-13). What is the greatest common factor of 441 and r?
63
Let a(v) = -v**2 - 327*v + 4453. Let w be a(13). Calculate the greatest common factor of 1408 and w.
11
Let i(b) = b**3 + 24*b**2 + 29*b + 57. Let v be i(-11). Calculate the highest common divisor of v and 621.
69
Let d(x) = 44*x**2 + 714*x - 713. Let n be d(1). Calculate the highest common factor of 13785 and n.
15
Let z be (-4)/(-1 - 3) - (-2 + -21). Suppose 4*q + 2*w = 944, -4*w + 940 = 4*q - w. Suppose -7*y + 910 - q = 0. What is the highest common divisor of y and z?
24
Let l = -2147 - -3497. Calculate the greatest common factor of l and 108.
54
Suppose -4*s - 10474 = -2*r, 8*r - 6891 - 35073 = -s. What is the greatest common divisor of 5 and r?
5
Let g be (-1)/((6/(-3))/1222). Suppose -4*a = -g - 289. Calculate the greatest common factor of a and 25.
25
Let r be (8/(-6)*5)/(9/27). Let n be (-4 - -48) + (-16)/r*5. Calculate the highest common divisor of 6 and n.
6
Let b be (251/(-2))/(7/(-14)). Let o = b + -221. What is the highest common divisor of o and 4?
2
Suppose -c + 4*i + 0*i = -18, -c - 4*i - 22 = 0. Let a be 2*(-45)/20*c. Calculate the highest common factor of a and 2.
1
Let y = 680 + -459. Let j be (y/51)/((-1)/(-42)) - 2. Calculate the greatest common factor of j and 72.
36
Suppose 11*b - 2*n + 1644 = 19*b, -3*b - 5*n + 625 = 0. What is the greatest common factor of 60 and b?
5
Let n = -4153 + 4321. What is the greatest common divisor of 868 and n?
28
Let z(d) = -d**3 - d**2 + 2*d + 56. Let x be (-3 - (-63)/14) + (-3)/2. Let s be z(x). What is the highest common factor of 196 and s?
28
Suppose -y + 556 = 4*g, -g - g + 5*y + 278 = 0. What is the greatest common factor of g and 1?
1
Suppose 0 = 4*l + 3*p + 41 - 191, -4*l - p = -154. Suppose -l = 25*h - 2739. What is the greatest common divisor of 270 and h?
54
Let t be ((-134)/(-12))/((-2)/(-30))*(3 + -1). Calculate the greatest common factor of t and 536.
67
Let a(i) = -131*i + 3. Let w be a(-3). Let c = -5224 - -5268. What is the highest common factor of c and w?
44
Let w = 3237 + -2882. Calculate the highest common divisor of 142 and w.
71
Let a = 313 + -251. Suppose -2*q + 3*q = -p + 152, 5*q = 5*p + 790. What is the greatest common factor of q and a?
31
Let u = 37 + -39. Let c be -6*(-1 + (-2 - u) + -2). Calculate the highest common factor of c and 99.
9
Let a be ((-2)/8*3)/(2/(-80)). Let w = 89 + a. Let s = w + -109. Calculate the greatest common factor of 110 and s.
10
Suppose -1 = -p + 3. Suppose p*c - 128 = -0*c. Let i be (4/(-5))/(8/(-240)*6). Calculate the greatest common factor of c and i.
4
Let n(a) = -6*a + 4*a + 280*a**3 + 0*a**2 + a**2 + 5 - 4. Let k be n(1). Suppose 4*b + b - k = 0. Calculate the greatest common divisor of b and 140.
28
Let p = -557561 + 557615. Let u = 1111 + 239. What is the greatest common divisor of p and u?
54
Let i(r) = -r**3 - 11 + 2*r**3 + 20 + 28 - 37*r - 32*r**2 - 4*r**2. Let o be i(37). What is the highest common divisor of 37 and o?
37
Suppose 0 = 4*s - 3*s - 5, 5*s = -2*g + 45. Suppose -g*c + 4624 = 7*c. Calculate the highest common divisor of 34 and c.
34
Let a(u) = -82*u**2 - u + 1. Let i(b) = b**3 - 5*b**2 - b + 6. Let m be i(5). Let k be a(m). Let q = -74 - k. Calculate the highest common factor of 24 and q.
8
Suppose 5*z = -3*o + 392 + 636, -7*o = -3*z - 2340. What is the greatest common divisor of 147 and o?
21
Let a(t) = 0*t + 7 + 3*t - 2 - 4*t - t**3 + 11*t**2. Let h be a(10). Suppose -42*z + 66*z = 456. Calculate the highest common divisor of z and h.
19
Let a(i) = 4*i + 55. Let j be a(-12). Let h = 18 + j. Let f(z) = 225*z**2 + z - 1. Let v be f(1). What is the greatest common divisor of v and h?
25
Let b(j) = -12*j + 112. Let c = -288 - -293. Let z be b(c). Calculate the greatest common divisor of z and 91.
13
Let o = 1485 + -1089. Calculate the highest common factor of o and 189.
9
Let k be 0 + 3 - 8 - -14. Let a be (k/(54/960))/1. Calculate the greatest common divisor of 5 and a.
5
Let v(c) = 2*c + 10. Let n be v(7). Let q be 1/(-4) - (-174)/n. Suppose -15*w + 39*w - 840 = 0. What is the highest common factor of w and q?
7
Suppose -2*t + 4*n + 980 = 0, 49*t - 46*t + 4*n - 1430 = 0. What is the highest common factor of 2 and t?
2
Suppose -3*q + 9435 = 6*q - 6576. What is the greatest common divisor of q and 12?
3
Let m be 68*-1*(2278/(-68) - -31). What is the greatest common factor of m and 459?
17
Let o be ((-127)/2)/(218/96 - 175/75). Calculate the greatest common factor of 889 and o.
127
Let j = 2735 - -4348. Suppose -27*c - 1467 + j = 0. Calculate the highest common factor of c and 260.
52
Suppose f = -0*f + 4*n - 4, -2*n = 4*f - 20. Suppose -f*b = 22 - 38. Suppose 313 + 39 = b*z. What is the greatest common divisor of 8 and z?
8
Suppose 3*x = -u + 5, -17*u - 83 = -24*u - 5*x. Suppose -5*k - o = -101, k + 4*k = 2*o + 113. Calculate the greatest common divisor of u and k.
7
Suppose 84*q - 4720 = -69*q + 35*q. What is the highest common factor of q and 500?
20
Suppose -185 = -d - 3*i, d - i + 183 = 2*d. Suppose -21 + 11 = -z. Suppose -8 - 132 = -z*k. What is the greatest common factor of k and d?
14
Suppose -5*z + 15570 - 3300 = s, 0 = s + 4*z - 12262. Calculate the highest common divisor of 30 and s.
10
Let p(z) = -z**2 - 9*z - 15. Let n be p(-7). Let t be (-4)/(n/4 + 5/24). Let k(b) = -b - 8. Let w be k(-20). What is the highest common divisor of w and t?
12
Let h(c) = 61*c**2 + 8*c + 5. Let a(f) = -64*f**2 - 7*f - 6. Let i(y) = 3*a(y) + 4*h(y). Let q be i(-3). What is the highest common factor of q and 19?
19
Let w be (-15)/25 - (-3)/((-15)/(-658)). Suppose 4*d = w - 35. Let l(g) = -2*g + 3. Let i be l(0). What is the greatest common factor of i and d?
3
Suppose 5*w - 125 - 25 = 0. Let a(j) = j**2 + 4*j + 7. Let h be a(5). Let t = 82 - h. What is the highest common divisor of t and w?
30
Suppose -2*d + 2 = 0, -2*b = -5*d - 19372 - 17. Suppose -25*x + 103 = -b. What is the greatest common divisor of x and 56?
56
Let h = 22151 - 20916. Calculate the highest common factor of h and 52.
13
Let b(u) be the first derivative of -3*u - u**4 - 3*u**2 - 209 + 0*u + 222 - 3*u**3 + 0*u. Let y be b(-3). Calculate the highest common divisor of 378 and y.
42
Suppose -210 = -3*b - 5*u + 327, -5*b + 4*u + 858 = 0. Let q = 5048 + -4990. Calculate the highest common divisor of q and b.
58
Let r(a) = -129*a - 276. Let j be r(-4). What is the highest common divisor of 592 and j?
16
Let d be 22/3*(-42)/(-4). Let a(i) = 4 + 247*i**2 - 124*i**2 - 6*i - 119*i**2. Let t be a(3). What is the highest common divisor of d and t?
11
Let o be 33*(12/(-20) - (-1916)/60). Suppose -2*b